common factor of 438539 and 43985.
19
Calculate the highest common factor of 7737 and 479699158.
2579
What is the greatest common factor of 12501 and 36999?
9
What is the highest common factor of 243824851 and 56890?
5689
Calculate the greatest common factor of 8 and 29114703.
1
Calculate the highest common divisor of 74877723 and 81.
27
Calculate the highest common factor of 5877411 and 14091.
183
What is the highest common divisor of 4465890 and 274130?
3470
What is the greatest common divisor of 14137614 and 234?
18
What is the highest common factor of 2201482 and 5560?
278
Calculate the highest common divisor of 334 and 3228983243.
167
Calculate the greatest common divisor of 149288088 and 36.
12
What is the greatest common divisor of 106100 and 3223300?
100
What is the greatest common factor of 8529508 and 34099?
793
What is the highest common divisor of 4575718 and 5194?
98
What is the highest common divisor of 313474924 and 224?
28
What is the highest common divisor of 6983351 and 69186?
887
What is the greatest common factor of 570196 and 99?
11
Calculate the highest common divisor of 2455148658 and 1578.
1578
Calculate the greatest common factor of 14867776 and 7154.
98
Calculate the highest common divisor of 694332 and 4112417.
2143
Calculate the highest common divisor of 12896 and 906464.
416
Calculate the greatest common factor of 13560048 and 72.
72
What is the greatest common divisor of 390 and 1006356?
78
Calculate the highest common divisor of 248347 and 1947.
11
Calculate the highest common factor of 61049 and 279932.
1489
Calculate the highest common divisor of 11308 and 21648652.
1028
Calculate the greatest common divisor of 1101032 and 12824.
1832
What is the highest common factor of 144164 and 1624979?
1567
What is the greatest common factor of 3003984 and 153180?
828
What is the greatest common factor of 9067452 and 80700?
3228
Calculate the highest common divisor of 60 and 772770.
30
Calculate the highest common divisor of 10919647 and 296957.
1993
What is the highest common divisor of 1736 and 17789784?
248
Calculate the highest common factor of 181373 and 205343.
799
What is the highest common factor of 22971 and 273657?
57
Calculate the greatest common divisor of 372930 and 40256390.
4010
What is the highest common divisor of 335145 and 8790?
15
What is the greatest common divisor of 12628 and 14887796?
308
What is the greatest common factor of 28 and 45970344?
28
Calculate the greatest common divisor of 25694900 and 700.
700
What is the highest common factor of 131069 and 14734?
53
Calculate the highest common factor of 50697 and 702684.
1179
Calculate the greatest common factor of 8032 and 51041352.
2008
What is the greatest common divisor of 2112 and 8291008?
704
Calculate the greatest common divisor of 85 and 6780.
5
What is the highest common factor of 6876099 and 108?
9
Calculate the greatest common divisor of 1311992 and 711348.
748
What is the highest common divisor of 30 and 743260?
10
Calculate the highest common factor of 488 and 503864.
8
What is the greatest common factor of 11622 and 83031?
39
What is the greatest common factor of 162105 and 100495?
505
Calculate the greatest common factor of 52731643 and 1266.
211
Calculate the highest common factor of 24 and 18200892.
12
Calculate the greatest common divisor of 17 and 109967237.
17
Calculate the highest common divisor of 284890 and 81530.
310
What is the highest common factor of 628227 and 17181?
747
Calculate the greatest common factor of 6284781 and 1683.
153
Calculate the greatest common factor of 34814162 and 535.
107
Calculate the highest common divisor of 133 and 1705963.
7
Calculate the highest common divisor of 35055 and 11829115.
3895
Calculate the greatest common divisor of 1011011 and 14932543.
8947
What is the greatest common divisor of 6968692 and 4?
4
What is the greatest common divisor of 102 and 105307112?
34
Calculate the greatest common divisor of 760 and 176376.
8
Calculate the highest common divisor of 45103 and 289673.
37
Calculate the highest common factor of 112984502 and 2.
2
Calculate the highest common divisor of 117 and 598843986.
39
What is the highest common divisor of 260506880 and 256?
256
What is the greatest common factor of 1794414 and 138?
138
Calculate the greatest common factor of 13566 and 30927250.
646
Calculate the greatest common divisor of 93291129 and 81.
27
What is the highest common factor of 458598 and 100618?
14
Calculate the highest common factor of 460 and 319880.
20
What is the greatest common divisor of 542116932 and 84?
84
What is the greatest common factor of 863 and 82822973?
863
Calculate the highest common factor of 4243343 and 10702.
5351
Calculate the greatest common factor of 220388476 and 11.
11
Calculate the highest common divisor of 166 and 29318.
2
What is the greatest common factor of 132 and 18420908?
44
What is the greatest common factor of 29942406 and 123539?
2873
Calculate the greatest common divisor of 6389212 and 724037.
5527
What is the greatest common factor of 4452 and 1388352?
84
Calculate the highest common factor of 3828 and 13353978.
1914
Calculate the greatest common divisor of 6498 and 283302.
18
What is the greatest common divisor of 1280 and 2524120?
40
What is the highest common factor of 327 and 24289451?
109
What is the greatest common factor of 2148434 and 2466?
274
What is the greatest common factor of 2662 and 10568?
2
What is the highest common factor of 9945 and 16968159?
1989
Calculate the highest common factor of 10731156 and 13334.
118
Calculate the highest common divisor of 22534304 and 106704.
3952
Calculate the highest common factor of 6116866 and 784.
98
What is the highest common factor of 5229604 and 2817?
313
What is the greatest common divisor of 142363134 and 81?
9
What is the greatest common divisor of 24813 and 67?
1
Calculate the highest common divisor of 22270 and 829310.
10
Calculate the greatest common factor of 350930298 and 6.
6
Calculate the highest common divisor of 93 and 803766171.
93
What is the greatest common divisor of 11358879 and 786?
393
Calculate the greatest common divisor of 23208 and 48408.
24
What is the highest common factor of 14762 and 3121858?
122
Calculate the highest common divisor of 48701 and 64511.
31
What is the highest common divisor of 24 and 2521284?
12
What is the greatest common divisor of 164742 and 23?
1
Calculate the greatest common factor of 4824 and 6605736.
24
What is the highest common divisor of 8 and 21474616?
8
Calculate the greatest common factor of 1972 and 6650723.
17
What is the highest common divisor of 39 and 12073269?
39
What is the greatest common factor of 95132529 and 54?
27
Calculate the greatest common factor of 759164 and 22078.
266
What is the greatest common factor of 11644 and 1636763?
71
What is the greatest common divisor of 101552 and 39856?
16
Calculate the greatest common factor of 5 and 5507310.
5
Calculate the highest common divisor of 438 and 1184881323.
219
Calculate the highest common divisor of 468298104 and 2832.
1416
What is the highest common divisor of 84233584 and 55952?
4304
Calculate the highest common divisor of 98228 and 63934.
26
What is the highest common factor of 15269065 and 95?
95
What is the greatest common divisor of 21620 and 238786?
46
Calculate the greatest common factor of 6417 and 10369251.
207
What is the greatest common factor of 1441634 and 40766?
3706
What is the highest common divisor of 2 and 9458189?
1
Calculate the greatest common divisor of 95 and 1072165.
5
What is the greatest common divisor of 53182744 and 11395?
2279
What is the highest common factor of 270704 and 1841?
7
What is the greatest common factor of 33435 and 3555?
45
Calculate the highest common divisor of 628264 and 10829.
91
Calculate the highest common divisor of 3100 and 7254620.
620
What is the greatest common factor of 124 and 2319947?
31
Calculate the highest common factor of 73602 and 19918224.
2538
What is the highest common factor of 20868 and 44141?
37
What is the highest common divisor of 227688 and 1502526?
1074
Calculate the greatest common divisor of 84 and 1722966.
42
What is the highest common divisor of 3257045 and 605?
55
Calculate the highest common factor o